-63)). Let t(w) = -5 + k - 1 - 2*w. Calculate t(h).
7
Let q(p) = -p - 10. Let z(c) = -3. Let j be 3 + (-6 - (0 - 1)). Let g be (-3)/(j*9/12). Let s(f) = g*q(f) - 7*z(f). Determine s(-1).
3
Let m = 17 + -14. Let y(g) = 0*g + 0*g - g - m. Determine y(-5).
2
Suppose -2*b - b = 9, -4*k - 5*b = 15. Suppose 4*o + 3 + 1 = k. Let p(d) = d - 5. Let j(s) = 6. Let n(t) = 4*j(t) + 5*p(t). Calculate n(o).
-6
Let g = 0 + -9. Let d be (-2 + (-12)/g)*-3. Let z(l) be the second derivative of -l**4/12 + l**3/2 - 3*l**2/2 + 2*l. What is z(d)?
-1
Let f(w) = 37 - 8*w + 6*w - 32. Determine f(-5).
15
Suppose 3*t - 4 = 7*t, t + 2 = -y. Let n(b) = -3*b. Determine n(y).
3
Let o(q) = -q**2 + 2*q - 3. Let r(l) = l**2 - 2. Let z be r(-3). Suppose 4*s = c + z, -6 = -5*c + 19. Calculate o(s).
-6
Let h be (-8 + 4)/(-1 + -1). Let j(r) be the second derivative of -r + 0 - 1/6*r**3 - h*r**2. Calculate j(-3).
-1
Let d = 0 + -1. Let c(g) = -11*g**2 + 5*g + 5. Let s(k) be the third derivative of k**5/5 - k**4/4 - k**3 + 3*k**2. Let p(j) = -5*c(j) - 4*s(j). Determine p(d).
7
Let x(z) = z**3 - 2*z**2 - 5*z - 8. Let k be x(4). Let v(m) = m**2 - 5*m + 1. Calculate v(k).
-3
Let w(u) be the third derivative of -u**5/60 - u**4/4 - 2*u**3/3 + 5*u**2. Suppose 10 + 2 = -4*c. Calculate w(c).
5
Let b = -4 - 10. Let d = b + 12. Let n(x) = x**2 - 3*x - 2. Determine n(d).
8
Let n be -2 - -2 - -1 - -3. Suppose -3*x = -7*x + n. Let v(z) = z**3 - z**2 - z + 1. Let k(a) = -a**2 + a + 1. Let c(q) = x*k(q) + v(q). Give c(2).
2
Let o(p) = p**2 + 5*p. Let q(k) = -3*k. Let m be q(2). Calculate o(m).
6
Let m(c) = 2*c**3 - 5*c**3 + 2*c**3 - 4 + 2 - c**2. Let i be (-1)/(-6) - (-13)/(-6). Calculate m(i).
2
Let z(i) = -9*i**2 + 2*i + 4. Let n(v) = 7*v**2 - 2*v - 4. Let l(q) = 4*n(q) + 3*z(q). Let s be (7/4 + -1)*4. Calculate l(s).
-1
Let b(y) = -5*y**2 + 2 + 2 + 2*y + 4 - y**3 - 5. Calculate b(-5).
-7
Let o(z) = -11*z**3 + 3*z**2 + 6*z**2 + 0 - 11*z**2 + 1. Let g be (-26)/(-22) - (-4)/(-22). Determine o(g).
-12
Let r(g) = 4*g**2 + g - 1. Let c be r(1). Let m(f) = f**2 - 4*f + 3. Calculate m(c).
3
Suppose 0 = 2*s - 4. Suppose 18 = 5*q - 2*q. Let r be ((-4)/(-6))/(s/q). Let a(p) = -p + 2. What is a(r)?
0
Let i(u) = -u**3 - 2. Let c(q) = -q**2 + 8*q + 6. Let m be c(8). Let a = -5 + 9. Suppose m*f = a*f. Give i(f).
-2
Let w be (0 + -4)/(-3 + 5). Let x(c) = -2*c. Calculate x(w).
4
Let a(k) be the third derivative of k**6/120 - k**3/3 + k**2. Let i(h) = -h**2 - 2*h + 3. Let w be ((-6)/4)/((-1)/(-2)). Let b be i(w). Give a(b).
-2
Suppose -6 = 2*y + 2. Let k(x) = -3*x - 22. Let u(d) = d + 7. Let s(h) = -2*k(h) - 7*u(h). Give s(y).
-1
Let k(m) = -13*m**3 - 11*m**2 + 9. Let b(f) = -7*f**3 - 6*f**2 + 5. Let c(v) = 11*b(v) - 6*k(v). Determine c(-2).
-7
Let z(w) = -w**2 - 2*w. Suppose 9 = r - 4*p, -18 = 4*p - 6. Determine z(r).
-3
Let g(m) = m**2 - 9*m + 4. Let a be g(8). Suppose 4*j - 8 = -0, -2*j = 2*z - 8. Let w be z/4 - 2/a. Let x(s) = 6*s**2. Calculate x(w).
6
Let y(r) = r**3 + 4 + 101*r - r**2 - 53*r - 51*r. Calculate y(3).
13
Let r(m) = 0 + 3 + 4*m - 2 - m**2 - 2. Suppose 15 = 4*u - 1. What is r(u)?
-1
Let r(p) be the third derivative of 1/2*p**3 + 0*p - 1/6*p**4 + 1/20*p**5 + 0 + 2*p**2. Give r(2).
7
Let o(n) = n**2 + 2*n. Let s be o(-2). Let b(l) = 0*l - 7*l + 8*l + l**3 - 2. Let f be b(s). Let x(c) = -c**3 - 2*c**2 - c + 1. Give x(f).
3
Let h(f) = -3*f + 1. Suppose 2*n - 3*j - 6 = -n, 5*n - 22 = -j. Suppose -4*k = -0 - n. Calculate h(k).
-2
Let y(q) = q**3 - q**2 + q - 1. Let d(u) = -u**3 - 7*u**2 + 5*u - 4. Let t(o) = -d(o) - 2*y(o). What is t(8)?
14
Let m(l) be the first derivative of -l**4/4 - 7*l**3/3 + 7*l + 7. Give m(-7).
7
Let n(d) be the second derivative of d**4/6 + d**3/3 - 3*d**2/2 - 4*d. Suppose 3*f + 4 + 5 = 0. Give n(f).
9
Let b(f) = 4 - 3 - 3*f + 5*f**2 - 2*f**2. What is b(2)?
7
Let w be 3 - -1 - (-12)/(-3). Let l(b) be the first derivative of 1/2*b**2 + 7*b + 1. What is l(w)?
7
Let d(u) be the second derivative of -u**5/20 + 7*u**4/12 - u**3 - 7*u**2/2 - 22*u. Give d(6).
-7
Let v(d) be the third derivative of -3*d**2 + 0 + 0*d + 1/24*d**4 - 1/3*d**3. Give v(0).
-2
Let y(w) = -2*w**2 - 12*w + 11. Suppose 4*r - 3*r = -15. Let p be r/(-3)*(-4)/10. Let q(l) = l**2 + 6*l - 5. Let n(u) = p*y(u) - 5*q(u). Give n(-5).
8
Let h(z) = -1 - 4 + 4 - 2*z. Suppose -2*g = 5 + 3. Let o(t) = 4*t + 2. Let j(f) = g*o(f) - 9*h(f). Determine j(-4).
-7
Let t = -1 + 0. Let q(b) = 11*b + 1. Calculate q(t).
-10
Let o(n) be the second derivative of n**7/2520 + n**6/240 - 7*n**5/120 - n**4/4 - 3*n. Let k(r) be the third derivative of o(r). What is k(-5)?
3
Suppose 0 = -5*j + 2*j. Let q be 8 + -7 - j/2. Let r(x) = -9*x**3 - x**2 + x. Give r(q).
-9
Let a(r) be the third derivative of -r**5/10 + r**4/24 - r**3/6 - 7*r**2. Suppose -1 = 5*s - 6. Calculate a(s).
-6
Let j(p) = 3*p + 9. Let c be 7/(0 - 4/8). Let w be ((-54)/(-63))/(2/c). Determine j(w).
-9
Let x(g) = -g. Suppose -6*k + 0*k - 36 = 0. Determine x(k).
6
Let n(t) = -13*t - t**2 + 20*t - 8*t. Let a be (-6)/(-4)*(1 + -3). Let r be -3*(0 - (-1)/a). Give n(r).
-2
Let d(a) be the second derivative of -a**5/20 - a**4/4 + a**3/2 + 2*a**2 - 9*a. Let y(j) = -j - 11. Let x be y(-8). What is d(x)?
-5
Suppose 3 = 2*c - 0*s - s, 0 = 3*c + 4*s + 23. Let f be c - (1 - -1) - -1. Let w(a) = 2*a**2 - a - 2. Determine w(f).
8
Let n(v) be the first derivative of -v**6/120 + v**4/24 - 3*v**2 - 12. Let i(o) be the second derivative of n(o). Let d be 5/3 - (-1)/3. Calculate i(d).
-6
Let k(r) = r - 3*r**3 - r**3 - 4*r**3 - 1. Let f be 1*-1 + 0/(-3). Let z be 0 + 1*(2 + f). Calculate k(z).
-8
Let o(w) be the second derivative of w**5/20 + w**4/6 - w**3/6 - 3*w**2/2 - 31*w. What is o(-3)?
-9
Suppose 3*a + 5 + 4 = 0. Let g be -1*(-2)/(-2)*-2. Let q(k) = k + 0*k**2 + k**2 + g - 4. Calculate q(a).
4
Let x = 10 + -8. Let o(f) = 6*f**3 - 2*f**2 - 5*f**3 + 3*f**2 - 10 - x*f**2. Let z be (-1)/(-2) + 6/(-12). Give o(z).
-10
Let u(z) = -z + 1. Let j(o) = 3*o + 1. Let g be (-2 + 3 - 2) + 2. Let c(y) = g*j(y) - 2*u(y). Let t(h) = h - 3. Let q be t(5). Give c(q).
9
Let n(p) = -4*p**3 - 5*p + 3*p**2 + 2*p + 3*p**3 + 2*p. Calculate n(1).
1
Suppose -3*h - 7 = -4*h. Let q(m) = -m**2 + 8*m - 10. What is q(h)?
-3
Let w(i) = i - 1. Let l(p) = -p**3 + 9*p**2 - 9*p + 10. Let a be l(8). Determine w(a).
1
Let h(f) = -f - 1. Suppose 9*j - 6 = 6*j. Suppose j*x + 0*o + 6 = -o, -5*x = 5*o + 15. Give h(x).
2
Suppose -3*o - 8 = 19. Let h be (0 + -6)*(-6)/o. Let v(q) be the first derivative of -q**3/3 - 2*q**2 + 1. Determine v(h).
0
Suppose x + 2 = 2*x. Let z(h) be the first derivative of -5*h**2/2 + h - 3. Give z(x).
-9
Let d(p) = p**2 - p - 2. Let u(o) be the second derivative of o**2/2 - o. Let n(w) = -2*d(w) - 6*u(w). Calculate n(2).
-6
Let d(m) be the first derivative of m**4/4 - 4*m**3/3 - 2*m**2 - 6*m + 39. Calculate d(5).
-1
Let h(x) be the first derivative of 3 - 1/3*x**3 + 1/2*x**2 - 1/4*x**4 - x. Calculate h(-2).
1
Let g(k) = 6*k**2 - 1. Let u(y) = 13*y**2 + y - 3. Let m(v) = 5*g(v) - 2*u(v). Determine m(1).
3
Let f(a) = 4*a**2 - 11*a - 8. Let i(c) = -5*c**2 + 12*c + 8. Let l(m) = 6*f(m) + 5*i(m). Calculate l(-7).
-15
Let w(q) = 4*q - 2 + q**3 + 6*q**2 - 9 + 5. Determine w(-5).
-1
Let w(i) = i + 5 + i**3 - 4*i**2 - i + i. Determine w(4).
9
Let g(o) = 2*o**2 - o - 1. Suppose -11*q + 4*q + 21 = 0. What is g(q)?
14
Let l be (2 - 1)*1*-5. Let g(q) = -q. Let u be g(-2). Let t(b) = -b**3 + 0*b - 5 + 4*b**u - 7*b + 2*b**3. Give t(l).
5
Let u(a) = -a - 4. Suppose 0 = i - 5*l - 0 - 13, 0 = 4*i - 5*l - 7. Let o = i - -13. Suppose -5*g - 19 = r, 5*r - g - 2*g = -o. Give u(r).
0
Let z(g) = 6*g**2 - 4*g - 14. Let u(h) = 5*h**2 - 3*h - 14. Let s(y) = 5*u(y) - 4*z(y). Determine s(0).
-14
Let f be (2/6)/((-1)/(-6)). Let n(g) = 1 + g + 3*g - 10*g - 3 - g**f. Determine n(-4).
6
Let k(d) = 1 + d - 1 + 0 - 9. Determine k(8).
-1
Let l = -4 - -6. Let n(q) be the first derivative of -q**3/3 + q**2/2 + 2*q + 13. Determine n(l).
0
Let l(w) = 3*w - 30. Let i be l(7). Let d(x) = x + 5. What is d(i)?
-4
Let y(u) = u - 5 - u - u**2 + 7*u. Suppose -s + 2*q + 46 = 0, 0 = -2*s + 2*q + 22 + 60. Suppose 4*t - s = 4*x, -4*x = 4*t + 6 - 2. Determine y(t).
7
Let p(d) = 3 + 2 + 16*d - 2 + 14*d - 31*d. Suppose 3*s + 3 = -15. Determine p(s).
9
Let 